{"id":8,"date":"2024-06-13T11:17:04","date_gmt":"2024-06-13T09:17:04","guid":{"rendered":"http:\/\/dynagym-mangin-ilebeaulieu.fr\/?page_id=8"},"modified":"2026-03-10T10:15:29","modified_gmt":"2026-03-10T09:15:29","slug":"presentation","status":"publish","type":"page","link":"https:\/\/dynagym-mangin-ilebeaulieu.fr\/","title":{"rendered":"Qui sommes-nous ?"},"content":{"rendered":"\n<p class=\"has-large-font-size\">L&rsquo;association<\/p>\n\n\n\n<p>CLUB avec le LABEL QUALITE SPORT SANTE<br>Groupes de 15 \u00e0 20 personnes, 5 cours en int\u00e9rieur par semaine au choix et 2 cours en ext\u00e9rieur le Bungy Pump.<br>avec possibilit\u00e9 de changer de groupe.<br>Ambiance conviviale et chaleureuse.<\/p>\n\n\n\n<p><\/p>\n\n\n\n<figure class=\"wp-block-image size-large\"><img loading=\"lazy\" decoding=\"async\" width=\"1024\" height=\"587\" src=\"http:\/\/dynagym-mangin-ilebeaulieu.fr\/wp-content\/uploads\/2024\/06\/Logo-C-Label-Qualite-Club-23-27-1024x587.png\" alt=\"\" class=\"wp-image-15\" srcset=\"https:\/\/dynagym-mangin-ilebeaulieu.fr\/wp-content\/uploads\/2024\/06\/Logo-C-Label-Qualite-Club-23-27-1024x587.png 1024w, https:\/\/dynagym-mangin-ilebeaulieu.fr\/wp-content\/uploads\/2024\/06\/Logo-C-Label-Qualite-Club-23-27-300x172.png 300w, https:\/\/dynagym-mangin-ilebeaulieu.fr\/wp-content\/uploads\/2024\/06\/Logo-C-Label-Qualite-Club-23-27-768x440.png 768w, https:\/\/dynagym-mangin-ilebeaulieu.fr\/wp-content\/uploads\/2024\/06\/Logo-C-Label-Qualite-Club-23-27-1536x880.png 1536w, https:\/\/dynagym-mangin-ilebeaulieu.fr\/wp-content\/uploads\/2024\/06\/Logo-C-Label-Qualite-Club-23-27.png 1594w\" sizes=\"auto, (max-width: 1024px) 100vw, 1024px\" \/><\/figure>\n\n\n\n<p>Activit\u00e9s physiques vari\u00e9es avec sonorisation musicale :<br>renforcement musculaire, gainage, cardio, \u00e9quilibre,<br>coordination, \u00e9tirements, relaxation, Body Zen.<br>Plusieurs options propos\u00e9es pour chaque exercice en fonction<br>des possibilit\u00e9s de chacun.<br>Utilisation d&rsquo;accessoires : b\u00e2tons, \u00e9lastibandes, ballons-paille\u2026<br>Programmes Sport Sant\u00e9 Chez Soi propos\u00e9s par la F\u00e9d\u00e9ration.<\/p>\n\n\n\n<p>Nouveau : le Bungy Pump<\/p>\n\n\n\n<p>Le jeudi de 10h45 \u00e0 12h et le vendredi de 13h45 \u00e0 15h<\/p>\n\n\n\n<div class=\"wp-block-file\"><a id=\"wp-block-file--media-645382e3-31e3-4d8a-bf92-b14705fbe025\" href=\"http:\/\/dynagym-mangin-ilebeaulieu.fr\/wp-content\/uploads\/2025\/07\/Affiche-Bungy-BAT-1.pdf\" target=\"_blank\" rel=\"noreferrer noopener\">Affiche Bungy BAT<\/a><a href=\"http:\/\/dynagym-mangin-ilebeaulieu.fr\/wp-content\/uploads\/2025\/07\/Affiche-Bungy-BAT-1.pdf\" class=\"wp-block-file__button wp-element-button\" download aria-describedby=\"wp-block-file--media-645382e3-31e3-4d8a-bf92-b14705fbe025\">T\u00e9l\u00e9charger<\/a><\/div>\n\n\n\n<p class=\"has-large-font-size\">Les animateurs<\/p>\n\n\n\n<p>Educateurs sportifs qualifi\u00e9s, enthousiastes et \u00e0 l&rsquo;\u00e9coute.<br><\/p>\n\n\n\n<figure class=\"wp-block-image size-medium is-resized\"><img loading=\"lazy\" decoding=\"async\" width=\"235\" height=\"300\" src=\"https:\/\/dynagym-mangin-ilebeaulieu.fr\/wp-content\/uploads\/2024\/06\/Stephanie2-235x300.jpg\" alt=\"\" class=\"wp-image-40\" style=\"width:275px;height:auto\" srcset=\"https:\/\/dynagym-mangin-ilebeaulieu.fr\/wp-content\/uploads\/2024\/06\/Stephanie2-235x300.jpg 235w, https:\/\/dynagym-mangin-ilebeaulieu.fr\/wp-content\/uploads\/2024\/06\/Stephanie2.jpg 453w\" sizes=\"auto, (max-width: 235px) 100vw, 235px\" \/><\/figure>\n\n\n\n<p>lundi, mardi et jeudi : St\u00e9phanie<\/p>\n\n\n\n<figure class=\"wp-block-image size-medium is-resized\"><img loading=\"lazy\" decoding=\"async\" width=\"200\" height=\"300\" src=\"https:\/\/dynagym-mangin-ilebeaulieu.fr\/wp-content\/uploads\/2024\/06\/Yoann-200x300.jpg\" alt=\"\" class=\"wp-image-39\" style=\"width:277px;height:auto\" srcset=\"https:\/\/dynagym-mangin-ilebeaulieu.fr\/wp-content\/uploads\/2024\/06\/Yoann-200x300.jpg 200w, https:\/\/dynagym-mangin-ilebeaulieu.fr\/wp-content\/uploads\/2024\/06\/Yoann.jpg 417w\" sizes=\"auto, (max-width: 200px) 100vw, 200px\" \/><\/figure>\n\n\n\n<p>mercredi et vendredi : Yoann<\/p>\n\n\n\n<figure class=\"wp-block-image size-large is-resized\"><img loading=\"lazy\" decoding=\"async\" width=\"879\" height=\"1024\" src=\"https:\/\/dynagym-mangin-ilebeaulieu.fr\/wp-content\/uploads\/2025\/07\/portrait-bleu-int-2-1-879x1024.jpg\" alt=\"\" class=\"wp-image-475\" style=\"width:285px;height:auto\" srcset=\"https:\/\/dynagym-mangin-ilebeaulieu.fr\/wp-content\/uploads\/2025\/07\/portrait-bleu-int-2-1-879x1024.jpg 879w, https:\/\/dynagym-mangin-ilebeaulieu.fr\/wp-content\/uploads\/2025\/07\/portrait-bleu-int-2-1-257x300.jpg 257w, https:\/\/dynagym-mangin-ilebeaulieu.fr\/wp-content\/uploads\/2025\/07\/portrait-bleu-int-2-1.jpg 1892w\" sizes=\"auto, (max-width: 879px) 100vw, 879px\" \/><\/figure>\n\n\n\n<p>jeudi et vendredi : Christelle, enseignante en APA<\/p>\n\n\n\n<p><strong>Qui sommes-nous&nbsp;?<\/strong><\/p>\n\n\n\n<p>Une association selon la loi 1901 anim\u00e9e par un bureau de 10 membres \u00e9lus en assembl\u00e9e g\u00e9n\u00e9rale chaque mois de novembre.<\/p>\n\n\n\n<p>Nous sommes affili\u00e9s \u00e0 la F\u00e9d\u00e9ration Fran\u00e7aise d\u2019\u00c9ducation Physique et de Gymnastique Volontaire (FFEPGV) fond\u00e9e sur les principes de la Ligue Fran\u00e7aise d\u2019\u00c9ducation Physique avec 430&nbsp;000 adh\u00e9rents.<\/p>\n\n\n\n<p>La F\u00e9d\u00e9ration fournit une licence avec assurance, qui offre la possibilit\u00e9 de pratiquer en musique et nous d\u00e9l\u00e8gue des animateurs dipl\u00f4m\u00e9s, par l\u2019interm\u00e9diaire du Comit\u00e9 d\u00e9partemental. Cette licence donne droit \u00e0 une r\u00e9duction d\u2019imp\u00f4ts et permet d\u2019acc\u00e9der au site internet de la f\u00e9d\u00e9ration o\u00f9 nous pouvons trouver une grande diversit\u00e9 de s\u00e9ances en ligne.<\/p>\n\n\n\n<p>Depuis 2015, nous poss\u00e9dons le Label Qualit\u00e9 Club Sport Sant\u00e9 EPGV renouvel\u00e9 tous les 4 ans jusqu\u2019en 2027.<\/p>\n\n\n\n<p>Nous sommes \u00e9galement une composante de l\u2019association Mangin-Ile Beaulieu et \u00e0 ce titre, nous prenons une carte d\u2019adh\u00e9sion qui nous permet de pratiquer d\u2019autres activit\u00e9s dans le P\u00f4le Associatif.<\/p>\n\n\n\n<p><strong>Nos objectifs<\/strong><\/p>\n\n\n\n<p>Nous pratiquons l\u2019activit\u00e9 physique sous forme de \u00ab&nbsp;gym plurielle&nbsp;\u00bb&nbsp;: exercices cardio-vasculaires, encha\u00eenements vari\u00e9s pour stimuler la m\u00e9moire, travail d\u2019\u00e9quilibre et de coordination, renforcement de tous les muscles pour am\u00e9liorer la posture, avec en fin de s\u00e9ance, \u00e9tirements et relaxation dans une ambiance conviviale et d\u00e9tendue.<\/p>\n\n\n\n<p>Nous ne recherchons ni la performance, ni la comp\u00e9tition, chacun fait selon ses possibilit\u00e9s en suivant les diff\u00e9rentes options propos\u00e9es par les animateurs. Aucun geste ne doit cr\u00e9er de douleur. Gardons en t\u00eate qu\u2019il s\u2019agit d\u2019un loisir et que nous aurons plaisir \u00e0 revenir \u00e0 la prochaine s\u00e9ance.<\/p>\n\n\n\n<p>Nous ouvrons \u00e0 la rentr\u00e9e de Septembre 2025, avec une enseignante en APA, deux s\u00e9ances de marche et exercices adapt\u00e9s en ext\u00e9rieur avec des b\u00e2tons dynamiques.<\/p>\n\n\n\n<p>Au cours de l\u2019ann\u00e9e, nous pourrons constater les progr\u00e8s vers une plus grande souplesse, une plus grande r\u00e9sistance et un mieux \u00eatre.<\/p>\n\n\n\n<p><strong>Le comit\u00e9 directeur \u00e9lu en d\u00e9cembre 2025<\/strong><br><\/p>\n\n\n\n<p><\/p>\n\n\n\n<div class=\"wp-block-columns is-layout-flex wp-container-core-columns-is-layout-28f84493 wp-block-columns-is-layout-flex\">\n<div class=\"wp-block-column is-layout-flow wp-block-column-is-layout-flow\">\n<ul class=\"wp-block-list\">\n<li>Sabine Wartelle : pr\u00e9sidente<\/li>\n\n\n\n<li>Michel Brau        : tr\u00e9sorier<\/li>\n\n\n\n<li>Patricia Provost : secr\u00e9taire<\/li>\n<\/ul>\n<\/div>\n<\/div>\n\n\n\n<div class=\"wp-block-columns is-layout-flex wp-container-core-columns-is-layout-28f84493 wp-block-columns-is-layout-flex\">\n<div class=\"wp-block-column is-layout-flow wp-block-column-is-layout-flow\">\n<ul class=\"wp-block-list\">\n<li>Mich\u00e8le Breni\u00e8re : membre<\/li>\n\n\n\n<li>Christine Canac : membre<\/li>\n\n\n\n<li>Christiane Colas  : membre<\/li>\n\n\n\n<li>Laurence Collet : membre<\/li>\n\n\n\n<li>Brigitte Desille : membre<\/li>\n\n\n\n<li>Annie Gu\u00e9not : membre<\/li>\n\n\n\n<li>Dany Hart : membre<\/li>\n<\/ul>\n<\/div>\n<\/div>\n\n\n\n<div class=\"wp-block-file\"><a id=\"wp-block-file--media-f254bc39-2955-497e-962d-ffbd423b4042\" href=\"https:\/\/dynagym-mangin-ilebeaulieu.fr\/index.php\/presentation\/flyer-bat-27-mai-2-2\/\">Flyer BAT 27 mai 2<\/a><a href=\"https:\/\/dynagym-mangin-ilebeaulieu.fr\/wp-content\/uploads\/2025\/06\/Flyer-BAT-27-mai-2-1.pdf\" class=\"wp-block-file__button wp-element-button\" download aria-describedby=\"wp-block-file--media-f254bc39-2955-497e-962d-ffbd423b4042\">T\u00e9l\u00e9charger<br><\/a><\/div>\n\n\n\n<p><\/p>\n","protected":false},"excerpt":{"rendered":"<p>L&rsquo;association CLUB avec le LABEL QUALITE SPORT SANTEGroupes de 15 \u00e0 20 personnes, 5 cours en int\u00e9rieur par semaine au choix et 2 cours en ext\u00e9rieur le Bungy Pump.avec possibilit\u00e9 de changer de groupe.Ambiance conviviale et chaleureuse. Activit\u00e9s physiques vari\u00e9es avec sonorisation musicale :renforcement musculaire, gainage, cardio, \u00e9quilibre,coordination, \u00e9tirements, relaxation, Body Zen.Plusieurs options propos\u00e9es pour &hellip; <\/p>\n<p class=\"link-more\"><a href=\"https:\/\/dynagym-mangin-ilebeaulieu.fr\/\" class=\"more-link\">Lire la suite de<span class=\"screen-reader-text\">\u00ab\u00a0Qui sommes-nous ?\u00a0\u00bb<\/span><\/a><\/p>\n","protected":false},"author":1,"featured_media":0,"parent":0,"menu_order":0,"comment_status":"closed","ping_status":"closed","template":"","meta":{"footnotes":""},"class_list":["post-8","page","type-page","status-publish","hentry"],"_links":{"self":[{"href":"https:\/\/dynagym-mangin-ilebeaulieu.fr\/index.php\/wp-json\/wp\/v2\/pages\/8","targetHints":{"allow":["GET"]}}],"collection":[{"href":"https:\/\/dynagym-mangin-ilebeaulieu.fr\/index.php\/wp-json\/wp\/v2\/pages"}],"about":[{"href":"https:\/\/dynagym-mangin-ilebeaulieu.fr\/index.php\/wp-json\/wp\/v2\/types\/page"}],"author":[{"embeddable":true,"href":"https:\/\/dynagym-mangin-ilebeaulieu.fr\/index.php\/wp-json\/wp\/v2\/users\/1"}],"replies":[{"embeddable":true,"href":"https:\/\/dynagym-mangin-ilebeaulieu.fr\/index.php\/wp-json\/wp\/v2\/comments?post=8"}],"version-history":[{"count":35,"href":"https:\/\/dynagym-mangin-ilebeaulieu.fr\/index.php\/wp-json\/wp\/v2\/pages\/8\/revisions"}],"predecessor-version":[{"id":550,"href":"https:\/\/dynagym-mangin-ilebeaulieu.fr\/index.php\/wp-json\/wp\/v2\/pages\/8\/revisions\/550"}],"wp:attachment":[{"href":"https:\/\/dynagym-mangin-ilebeaulieu.fr\/index.php\/wp-json\/wp\/v2\/media?parent=8"}],"curies":[{"name":"wp","href":"https:\/\/api.w.org\/{rel}","templated":true}]}}